t common divisor of 14 and r?
14
Let p = -42 - -97. Suppose 0*x + p = 5*x. Calculate the greatest common divisor of 1 and x.
1
Suppose z = 2 + 3. Suppose -a + z = -3. Calculate the greatest common factor of 2 and a.
2
Let s be (1*-2)/(6/(-330)). Calculate the greatest common divisor of 10 and s.
10
Suppose -2*o + 4 = -10. Suppose 0 = -o*g + 2*g - 4*d + 75, -d = -5. Let n = 2 - 1. Calculate the greatest common factor of g and n.
1
Let x be ((0/3)/(-3))/2. Suppose x = 3*w - 2*w. Suppose w = p + p - 36. What is the highest common divisor of p and 12?
6
Let z(a) = 6*a**2 + 57*a - 27. Let b be z(-11). What is the highest common factor of 27 and b?
9
Let i be (-4 - 156/(-9))*(-36)/(-10). What is the greatest common factor of 16 and i?
16
Let m(b) = 2*b**2 - 3*b - 4. Let q = 8 + -5. Let s be m(q). What is the greatest common divisor of 55 and s?
5
Let u be 0/(1 + 2) + -1. Let o = 8 + u. Let v be 14/10 + (-2)/5. Calculate the highest common divisor of v and o.
1
Let d be 7 + (-1 - -1) + 1. Suppose -1065 = -14*q - 57. Calculate the greatest common divisor of d and q.
8
Suppose -2*a = -4*c - 20, 54 = 3*a - c + 14. What is the greatest common divisor of a and 28?
14
Suppose 5*h = -4*y + 517, -5*h = -5*y + 3*y - 529. What is the highest common factor of h and 42?
21
Let k = -6 + 6. Suppose -g - 2*v - v + 33 = 0, g + 2*v - 31 = k. What is the highest common divisor of g and 297?
27
Let s = -21 - -25. Suppose 0 = 2*v - s*v + 4. Calculate the highest common divisor of 6 and v.
2
Let z = -56 - -108. What is the highest common factor of z and 130?
26
Let p(k) = 2*k**3 - 8*k**2 + 3*k - 2. Let r be p(5). What is the highest common factor of r and 7?
7
Let o be (3 + -6 - -4)*1. Let z be (-70 - 2) + (-1)/o. Let s = -7 - z. What is the greatest common divisor of 6 and s?
6
Suppose -2*p = 2*o + 4, 2*p = 2*o - 6*o. Let z be (-5 - p)/((-2)/6). Suppose -z*v - 5 + 41 = 0. What is the greatest common divisor of 4 and v?
4
Suppose 10 = 2*i + 3*i. Suppose -i*g + 0*g = -8. What is the highest common divisor of 4 and g?
4
Suppose 0 = -o + 2*o - 5*m - 110, 0 = 4*o + m - 482. Calculate the greatest common factor of o and 40.
40
Suppose -r - 1 = -12. Calculate the greatest common divisor of 11 and r.
11
Let r(i) = 10*i**3 + 2*i**2 - 2*i + 1. Let l be r(1). Let h be 3/(-2) + (-1)/(-2). Let p be (2 + h)/(3/3). What is the greatest common divisor of p and l?
1
Suppose 150 = -0*k - 2*k. Let c be 10/k - 3574/(-30). Calculate the highest common divisor of c and 17.
17
Let z(m) = -2*m**2 + 20*m + 2. Let a be z(9). What is the greatest common divisor of 20 and a?
20
Suppose -4*t + 39 = -3*q, 2*q = -t + 3 - 7. Let r be 3/((-9)/t) + 8. Let p be 2/(-3) - (-70)/r. What is the highest common divisor of p and 121?
11
Let n = 23 - 20. Suppose 0*u - 189 = -n*u. Calculate the highest common divisor of 9 and u.
9
Let o = 72 + -40. What is the greatest common divisor of o and 2?
2
Suppose 0 = j - 5. Let k be 4/(-6) + 8/3. What is the highest common divisor of k and j?
1
Suppose 4 = 4*d - 4. Let c be (-20)/(-6) - 7/21. What is the highest common factor of c and d?
1
Let v be 1/2 + (-202)/(-4). Suppose 30 = n - v. Suppose -16*c = -20*c + 36. What is the highest common factor of n and c?
9
Let n(b) = b**3 + 6*b**2 - b - 4. Let y be n(-6). Calculate the highest common divisor of 6 and y.
2
Let w(p) = -p + 10. Let c be w(7). Let x be (-6)/((-22)/(-8) - c). What is the highest common factor of 60 and x?
12
Let h be (-11)/(-77) - (0 + 13/(-7)). What is the greatest common factor of 8 and h?
2
Let q = 4 - -71. Suppose 4*c - q = 53. Calculate the greatest common divisor of 8 and c.
8
Suppose 0 = -3*k - 4*s + 94 + 245, 123 = k - 2*s. Suppose -2 = -b - 0. Let u be (1 - 2)*b - -15. Calculate the highest common factor of k and u.
13
Suppose 0 = 3*p - 4*r + 1, p - 3*r - 12 = -4. Let c = p - -17. What is the highest common factor of c and 110?
10
Let d(y) be the first derivative of 1 - 2*y**3 + 2*y + 3/4*y**4 + 3/2*y**2. Let q be d(4). What is the highest common factor of q and 10?
10
Suppose 3*c = -1 + 13. Let y(w) = w**3 - 3*w**2 - 2*w. Let j be y(c). Let p be 2/4 + (-2)/(-4). Calculate the greatest common factor of p and j.
1
Let y(v) be the third derivative of -11*v**4/8 - v**3/6 - v**2. Let n be y(-1). Suppose 0 = 4*g - 93 - 227. Calculate the highest common factor of g and n.
16
Suppose -2*a + 0 = -6. Suppose a*h + 2*h = 70. Calculate the highest common factor of 70 and h.
14
Let x be (0 + -1)*(0 - -3). Let g be 4/(-2) + -58 + x. Let y = g + 143. What is the highest common divisor of 10 and y?
10
Suppose -4*y + 4 = -2*k, 0 = k - 3*y - y + 12. What is the greatest common divisor of 80 and k?
8
Let z be -35*(108/(-21))/3. Calculate the highest common factor of z and 12.
12
Let t(l) = l + 4 - l + 2*l. Suppose 2*i - 26 = -5*a, 4*i - 2 + 16 = a. Let f be t(a). What is the highest common divisor of 2 and f?
2
Suppose -18 = -3*n - 3. Suppose -3*l + l = 4*i - 82, 4*l = n*i - 83. What is the greatest common factor of i and 95?
19
Let m = -10 + 36. Calculate the greatest common factor of m and 39.
13
Let g(f) = 45*f**3 - 3*f + 2. Let l be g(1). Calculate the highest common divisor of l and 396.
44
Let n = -11 - -15. Calculate the greatest common divisor of n and 2.
2
Let o be (2 + 0)*7/2. Let i be 1/(-3) - 64/(-12). Suppose -2*b = 2*z - 4, -4*b - z + 0 + i = 0. Calculate the highest common factor of b and o.
1
Let z(t) = -2*t - 1 + 3 - t**3 + 5*t**2 - 3. Let s be z(3). What is the highest common factor of 77 and s?
11
Suppose 3*y - 63 = -r, 0*y = 5*y - 5*r - 125. Calculate the highest common divisor of 22 and y.
22
Let l be 3*(10/3)/2. What is the highest common factor of l and 5?
5
Let i = 60 - -4. What is the greatest common divisor of i and 8?
8
Let i be (0 - -1)/1*15. Let a = -2 - -2. Let u = 5 + a. Calculate the greatest common divisor of u and i.
5
Let j = -9 - -2. Let g = 11 - j. What is the highest common factor of 45 and g?
9
Suppose -y + 96 + 210 = 0. Let o be ((-14)/(-6))/(6/y). Let m be 34*(1 - 2/4). Calculate the greatest common factor of m and o.
17
Let o be (-122)/(-8) + 2/(-8). Let v be (6/5)/(6/o). What is the greatest common factor of 9 and v?
3
Let d be 0 + -2 + 1 + 6. What is the highest common factor of d and 5?
5
Let u be (-12)/(-28) + (-11)/(-7). Suppose 6 = -u*t + 5*t. What is the greatest common factor of t and 5?
1
Let c = 6 - -2. Calculate the greatest common divisor of c and 12.
4
Suppose 3*o - 4*g - 512 = 0, 3*o - g - 225 = 299. Suppose -o = t - 5*t. Calculate the highest common factor of 4 and t.
4
Suppose -a - 50 = -6*a - k, -3*a + 8 = 5*k. What is the highest common factor of 66 and a?
11
Let d be (1 - (-5)/3)*(47 - -1). What is the greatest common factor of 32 and d?
32
Let n(x) = -x + 61. Let y be n(10). Calculate the highest common divisor of 34 and y.
17
Let j(q) = q**2 + 3*q - 4. Let h be j(-5). Let m be (15/(-4))/(h/(-32)). Let w(k) = -7*k + 1. Let r be w(-7). Calculate the highest common factor of r and m.
10
Let y(c) = 3*c**2 + 3*c - 182. Let f(b) = b**2 + b - 61. Let a(q) = 17*f(q) - 6*y(q). Let g be a(0). What is the greatest common divisor of 5 and g?
5
Let h be (1 + 1)*30/12. Suppose -h*m = -27 - 8. What is the greatest common factor of 1 and m?
1
Suppose 11 + 0 = v. Let d(f) = 2*f**3 - 25*f**2 - 9*f - 18. Let x be d(13). Let i = v + x. Calculate the highest common factor of i and 18.
9
Suppose -5*l + 45 - 5 = 0. What is the highest common factor of 2 and l?
2
Suppose 0 = -5*f - 4*k + 26, -2*f + 2*k - 6 = -20. Let u = -8 - -7. Let t(w) = 4*w**2. Let g be t(u). Calculate the greatest common divisor of g and f.
2
Let q(s) = 39*s - 12. Let x be q(2). What is the highest common factor of x and 33?
33
Let f be (-676)/(-16) + (-3)/12. Let p = f - 23. Calculate the highest common factor of p and 19.
19
Let p be ((-27)/15)/(5/(-25)). What is the greatest common divisor of p and 9?
9
Let d(l) = -45*l + 2. Let u be d(-1). Suppose -u = -4*m + 73. Calculate the greatest common factor of m and 12.
6
Let q(j) = j**2 - 6*j - 1. Let z be q(5). Let r be 24/14*(-63)/z. Calculate the greatest common factor of 3 and r.
3
Suppose 19 = t - 58. Calculate the greatest common divisor of t and 11.
11
Let j = 0 + -2. Let z = j - -8. Let o be ((-18)/(-14))/((-12)/(-84)). What is the highest com